 + 106. What is the remainder when d is divided by l?
16
What is the remainder when 129 is divided by (-3)/(54/4) + (-519)/(-27)?
15
Let s = 112 + -109. Let h(i) = 11*i**2 - 4*i + 6. What is the remainder when h(s) is divided by 24?
21
Suppose 0*b - 3*b - 5*z = -4, -3*b - z = -8. Suppose 5*x = -5*p + 115, -b*x - 13 = -p + x. Calculate the remainder when p is divided by 12.
9
Let t(b) = 3*b**3 - 11*b**2 + 6. Let r(y) = -7*y**3 + 23*y**2 - 12. Let i(a) = 2*r(a) + 5*t(a). What is the remainder when 35 is divided by i(9)?
5
Suppose y - 13 = 14. Let m = 57 - 42. Calculate the remainder when y is divided by m.
12
Suppose -6*p + 15 = 15. Suppose p = -13*x + 9*x + 284. What is the remainder when x is divided by 19?
14
Let t(p) = -p**3 - 4*p**2 + 29*p. Calculate the remainder when t(-9) is divided by 74.
70
Suppose q + 7 - 1 = 0. Let m(p) = 4*p**2 + 7*p + 3. Let w(z) = -84*z + 699. What is the remainder when m(q) is divided by w(8)?
24
Let h(f) = f**3 - f**2 + 2*f + 3. Let d be h(-1). Let c(s) = 6*s**2 - 1. What is the remainder when c(d) is divided by 4?
1
Suppose -h + 18 = 3*x, x - 5*h - 1 = 3*x. Let s(z) = -z**2 + 13*z - 4. What is the remainder when s(6) is divided by x?
3
Suppose 3*k = 2*v + 82, -2*k = -0*k - v - 53. Suppose -15 = -3*w + 8*w. Let c = 16 + w. What is the remainder when k is divided by c?
11
Suppose 0 = 4238*b - 4232*b - 102. Calculate the remainder when 1341 is divided by b.
15
Let v = 3 - -8. Suppose t = -2*t + 3*c + 129, t + 4*c - 28 = 0. Suppose -t = -4*s + 128. Calculate the remainder when s is divided by v.
9
Let z = 337 + -303. What is the remainder when z is divided by 8?
2
Let d be (-14)/2*(6 - 1). Let c = d - -38. Suppose 3*b - 5*i = 19, 4*b - b - 3 = -c*i. What is the remainder when 4 is divided by b?
1
Suppose 7*x - 105 - 63 = 0. Calculate the remainder when x is divided by (-5)/(-1) + 30/(-15).
0
Suppose 0 = 8*z - 2*z - 114. Suppose -z = c - 136. What is the remainder when c is divided by 24?
21
Let f = -1657 - -2075. Calculate the remainder when f is divided by 147.
124
Suppose -2*x + 37 = 3*d + 7, -4*x - 3*d + 48 = 0. Let h = 12 - x. Suppose -36 = -h*l + l. What is the remainder when l is divided by 11?
7
Let n(s) = -s**2 + 15*s - 11. Let b be n(13). Suppose -h - 10 = -b. Suppose -t + 66 = h*t. Calculate the remainder when t is divided by 4.
3
Let b be (-4)/(-5) + 1/5. Let o(a) = 38*a**3 - 3*a + 2. Calculate the remainder when o(b) is divided by 8.
5
Suppose y - 1 = 1. Let v(k) = -4889 + 3*k + 3*k + 4892. Calculate the remainder when 44 is divided by v(y).
14
Let k(t) = -t + 11. What is the remainder when k(-10) is divided by (16/6)/((-2)/(-6))?
5
Let d(q) = -347*q**2 - 7*q + 9. Let u(w) = 174*w**2 + 4*w - 5. Let x(t) = -4*d(t) - 7*u(t). What is the remainder when x(-1) is divided by 43?
40
Let n = -724 - -739. Calculate the remainder when 307 is divided by n.
7
Let s(v) = -v**2 + 12*v + 13. Let k be s(10). Suppose 3*p - k = -2*d, 0*d - 99 = -4*d + 5*p. What is the remainder when d is divided by 12?
9
Suppose 2*l = 4*l + 80. Let g = -22 - l. Calculate the remainder when g is divided by (-5 + 50/4)/((-6)/(-8)).
8
Let v be (0/4 - -14)*-1. Let j = v + 18. What is the remainder when 5 is divided by j?
1
Let m(u) = -u**3 - u**2 + 8*u + 5. Let s(n) = n**3 + 26*n**2 - 5*n - 102. What is the remainder when m(-6) is divided by s(-26)?
25
Let z = -150 - -182. Let t(u) = -u**2 + 16*u - 1. What is the remainder when t(7) is divided by z?
30
Suppose -2*s - 3*s + 115 = 0. Suppose f - 71 = 3*b, -5*b - f - 71 = 42. Let z = 35 + b. What is the remainder when s is divided by z?
11
Suppose -4*m + 14 = 4*q - 2, q = -2*m + 1. Let v be 13 + -10 + (-1 - -102). Suppose 5*r - r = v. Calculate the remainder when r is divided by q.
5
Let g be 13/(-78) + (-559)/(-6). Let w = -56 + g. Calculate the remainder when w is divided by 14.
9
Suppose 0*m + 7 = -5*g + 2*m, -19 = g + 4*m. Let a be 5 - (-2 - (-2 + g)). Calculate the remainder when 14 is divided by (8/(-5))/(a/(-5)).
2
Let g = -146 + 189. Calculate the remainder when 167 is divided by g.
38
Suppose 5*j = -3*f + 16, 2 = 5*j - j - 3*f. Suppose -j*m + 83 = -61. Calculate the remainder when m is divided by 19.
15
Suppose -20 = 4*o, -3*o = -w + 5*w - 253. Calculate the remainder when w is divided by 10.
7
Suppose -284*g + 828 = -275*g. What is the remainder when 2205 is divided by g?
89
Suppose y + 2*i + 2*i + 58 = 0, -2*y - 137 = i. What is the remainder when 2*(-2)/(-14) - 4810/y is divided by 9?
6
What is the remainder when 153 - 5*(-1)/5*-5 is divided by 53?
42
Let i(s) = -s**3 + 8*s**2 + 6*s - 10. What is the remainder when i(4) is divided by 51?
27
Let v = -70 + 157. What is the remainder when v is divided by 37?
13
Suppose -3 + 1 = -n, -2*y - 5*n + 16 = 0. Suppose y*b - 119 = -17. Let f = -1354 - -1366. What is the remainder when b is divided by f?
10
Calculate the remainder when 252 is divided by (-5 - 0/(-6)) + 8*7.
48
Let w(y) = -y**3 - 25*y**2 - 3*y - 23. Suppose 4*k - m + 103 = 2*m, 0 = -3*k - m - 74. Calculate the remainder when w(k) is divided by 11.
8
Suppose -3*w + 1 = -17. Let z = w + 0. What is the remainder when z is divided by 3?
0
Calculate the remainder when 503 is divided by (1*-3)/((-3)/28).
27
Let n(i) = -2*i - 14. Suppose 3*r = q - 26, 0 = -5*r + 3*q + 24 - 74. Let o be n(r). Suppose -4*d - 25 + 77 = o. What is the remainder when d is divided by 5?
3
Let m(g) = -182*g + 1. Suppose c + 11 = 3*c - 5*z, 2*c - 4*z = 14. Let x be m(c). Calculate the remainder when 60 is divided by x/(-77) + 2/7.
29
Let q = 12 + 35. Suppose -2*h + 0*h + 100 = -5*r, r + q = h. Calculate the remainder when h is divided by 12.
9
Suppose 2*j - l + 4*l = -123, 0 = j + 4*l + 54. Let x be j/(-12) + 1/(-2). Let z = x - -4. Calculate the remainder when 14 is divided by z.
5
Let w(i) = -i**3 + i**2 - 2*i. Suppose -4*d = o - 6*o + 22, -2*d - o = 4. What is the remainder when w(d) is divided by 13?
3
Let q = 76 + -45. Suppose -8*w - o = -6*w - 5, -3*w + 6 = 2*o. Calculate the remainder when q is divided by w.
3
Let w = -470 + 1009. Calculate the remainder when w is divided by 54.
53
Let w(d) = -d**2 + 6*d - 5. Let i be w(3). Let u be (-6)/i*40*1. Calculate the remainder when (-2)/10 - 2532/u is divided by 9.
6
Suppose -43 - 41 = -2*t. Suppose 14 = 2*f - t. Suppose -4*q + 2*q + 20 = 0. What is the remainder when f is divided by q?
8
Suppose -5*g - 4*c = -7 + 1, -2*c = 3*g - 2. What is the remainder when 18 - ((g - -3) + -2) is divided by 7?
5
Let f(a) = 15*a - 24. Calculate the remainder when 74 is divided by f(3).
11
Let j(n) = -2*n + 15. Let l(u) = 4*u - 29. Let d(h) = -9*j(h) - 4*l(h). What is the remainder when (-21)/(-2) - (-2)/4 is divided by d(13)?
4
Suppose -31*v + 2550 + 116 = 0. What is the remainder when 158 is divided by v?
72
Let k(z) = z**2 - 41*z - 308. Calculate the remainder when k(-16) is divided by 11.
10
What is the remainder when ((-56)/20)/(21/(-3360)) is divided by 30?
28
Suppose -7*z = -9*z + 4. Suppose 3*a + 16 = z*n, -a - 40 = -4*n - n. Calculate the remainder when 23 is divided by n.
7
Let s(g) = -g**3 + 2*g**2 - 1. Let z be s(2). Let d be (45 + z)/(-3 + 5). Let y = 33 - d. Calculate the remainder when y is divided by 6.
5
Let b = -206 - -294. What is the remainder when b is divided by 48?
40
Let g = -565 + 634. What is the remainder when 270 is divided by g?
63
Suppose 4*b - 42 - 82 = 0. Suppose 4*s - 43 = 2*u + b, 3 = u. What is the remainder when s is divided by 12?
8
Let c = 98 - -85. Suppose 108 = 5*i + m - c, 2*m + 172 = 3*i. What is the remainder when i is divided by 1/(6*1/90)?
13
Suppose -14*z + 1553 = -1541. Calculate the remainder when z is divided by 16.
13
Let u = -235 + 328. What is the remainder when u is divided by 7?
2
Suppose 0 = 37*b - 383 - 98. Calculate the remainder when 154 is divided by b.
11
Let q = -15 + 21. Suppose -q*x = f - 2*x - 4, x - 1 = -f. Suppose -2*y + y + 20 = f. What is the remainder when y is divided by 11?
9
Let d(k) = -k**2 + 7*k + 2. Let j be d(7). Suppose 0 = -4*y - 4*b + 28, -j*y + 3*b + 6 = -18. What is the remainder when y is divided by 2 - (-1 + (0 - 2))?
4
Suppose -6*n = 21*n - 1944. Calculate the remainder when 226 is divided by n.
10
Let p be (14/28)/((-1)/(-6)). What is the remainder when -4*((-25)/4 + -1 + p) is divided by 